{"id":49,"date":"2020-03-18T00:08:54","date_gmt":"2020-03-17T23:08:54","guid":{"rendered":"http:\/\/www.xn--dierumungsprofis-ynb.de\/?page_id=49"},"modified":"2024-09-12T10:40:36","modified_gmt":"2024-09-12T08:40:36","slug":"impressum","status":"publish","type":"page","link":"https:\/\/www.die-raeumungsprofis.de\/index.php\/impressum\/","title":{"rendered":"Impressum"},"content":{"rendered":"\n<div class=\"wp-block-group\"><div class=\"wp-block-group__inner-container is-layout-flow wp-block-group-is-layout-flow\">\n<div class=\"entry-content\">\n<p><u>Betreiber dieser Homepage: <\/u><\/p>\n<p><span style=\" text-decoration: underline solid black;\"><b>FEAS. &#8211; DIE R\u00c4UMUNGSPROFIS<\/b><\/span><br>staatl. gepr. Betriebswirt Stefan Hosang <br>Hauptstra\u00dfe 65<br>58730 Fr\u00f6ndenberg \/ Ruhr<br>Office: +49 (0)2378 127 9957<br>Mobil: +49 (0)176 6959 7835<\/p><p>Finanzamt Dortmund Unna | Steuer-Nr.: 316\/5127\/3651 | USt-IdNr.: DE368096021<\/p>\n<p><u>Kontakt:<\/u><br><strong><a href=\"mailto:buero@feas-dieraeumungsprofis.de\">hier<\/a> eine Email senden<br><\/strong><\/p>\n<p><u>Inhaber:<\/u><br>staatl. gepr. Bw. Stefan Hosang<\/p>\n<\/div>\n<\/div><\/div>\n\n\n\n<div class=\"entry-content\"><p><h2><b>Haftungsausschluss:<\/b><\/h2><\/p>\r\n<ol>\r\n<b>Haftungsbeschr\u00e4nkung<\/b>\r\n<\/ol>\r\n<p>Die Inhalte des Internetauftritts wurden mit gr\u00f6\u00dftm\u00f6glicher Sorgfalt und nach bestem Gewissen erstellt. Dennoch \u00fcbernimmt der Anbieter dieser Webseite keine Gew\u00e4hr f\u00fcr die Aktualit\u00e4t, Vollst\u00e4ndigkeit und Richtigkeit der bereitgestellten Seiten und Inhalte.<\/p>\r\n<p>Als Diensteanbieter ist der Anbieter dieser Webseite gem\u00e4\u00df \u00a7 7 Abs. 1 TMG f\u00fcr eigene Inhalte und bereitgestellte Informationen auf diesen Seiten nach den allgemeinen Gesetzen verantwortlich; nach den \u00a7\u00a7 8 bis 10 TMG jedoch nicht verpflichtet, die \u00fcbermittelten oder gespeicherten fremden Informationen zu \u00fcberwachen. Eine Entfernung oder Sperrung dieser Inhalte erfolgt umgehend ab dem Zeitpunkt der Kenntnis einer konkreten Rechtsverletzung. Eine Haftung ist erst ab dem Zeitpunkt der Kenntniserlangung m\u00f6glich.<\/p>\r\n<ol>\r\n<b>Externe Links<\/b>\r\n<\/ol>\r\n<p>Die Webseite enth\u00e4lt sog. \u201eexterne Links\u201c (Verlinkungen) zu anderen Webseiten, auf deren Inhalt der Anbieter der Webseite keinen Einfluss hat. Aus diesem Grund kann der Anbieter f\u00fcr diese Inhalte auch keine Gew\u00e4hr \u00fcbernehmen.<\/p>\r\n<p>F\u00fcr die Inhalte und Richtigkeit der bereitgestellten Informationen ist der jeweilige Anbieter der verlinkten Webseite verantwortlich. Zum Zeitpunkt der Verlinkung waren keine Rechtsverst\u00f6\u00dfe erkennbar. Bei Bekanntwerden einer solchen Rechtsverletzung wird der Link umgehend entfernen.<\/p>\r\n<ol>\r\n<b>Urheberrecht\/Leistungsschutzrecht<\/b>\r\n<\/ol>\r\n<p>Die auf dieser Webseite ver\u00f6ffentlichten Inhalte, Werke und bereitgestellten Informationen unterliegen dem deutschen Urheberrecht und Leistungsschutzrecht. Jede Art der Vervielf\u00e4ltigung, Bearbeitung, Verbreitung, Einspeicherung und jede Art der Verwertung au\u00dferhalb der Grenzen des Urheberrechts bedarf der vorherigen schriftlichen Zustimmung des jeweiligen Rechteinhabers. Das unerlaubte Kopieren\/Speichern\/Verwenden der bereitgestellten Informationen auf dieser Webseite ist ausdr\u00fccklich <b>nicht<\/b> gestattet und stellt eine strafbare Handlung dar; der Anbieter dieser Website wird unmittelbar nach Kenntnis jeden Fall des unerlaubten Kopieren\/Speichern\/Verwendens der bereitgestellten Informationen auf dieser Webseite strafrechtlich verfolgen lassen und umgehend Strafanzeige erstatten.<\/p>\r\n<ol>\r\n<b>Datenschutz<\/b>\r\n<\/ol>\r\n<p>Durch den Besuch des Internetauftritts k\u00f6nnen Informationen (Datum, Uhrzeit, aufgerufene Seite) \u00fcber den Zugriff auf dem Server gespeichert werden. Es werden keine personenbezogenenen (z. B. Name, Anschrift oder E-Mail-Adresse) Daten, gespeichert.<\/p>\r\n<p>Sofern personenbezogene Daten erhoben werden, erfolgt dies, sofern m\u00f6glich, nur mit dem vorherigen Einverst\u00e4ndnis des Nutzers der Webseite. Eine Weitergabe der Daten an Dritte findet ohne ausdr\u00fcckliche Zustimmung des Nutzers nicht statt.<\/p>\r\n<p>Der Anbieter weist darauf hin, dass die \u00dcbertragung von Daten im Internet (z. B. per E-Mail) Sicherheitsl\u00fccken aufweisen und ein l\u00fcckenloser Schutz der Daten vor dem Zugriff Dritter nicht gew\u00e4hrleistet werden kann. Der Anbieter \u00fcbernimmt keine Haftung f\u00fcr die durch solche Sicherheitsl\u00fccken entstandenen Sch\u00e4den.<\/p>\r\n<p>Der Verwendung s\u00e4mtlicher auf dieser Website zur Verf\u00fcgung gestellter  Kontaktdaten dient ausschlie\u00dflich der direkten Kontaktaufnahme durch potentielle Auftraggeber. Eine weitergehende Verwendung, Speicherung, Weitergabe und Verarbeitung insbesondere in elektronischen Datenbanken und Verzeichnissen, z.B. durch Dritte insbesondere auch zur gewerblichen Nutzung wird ausdr\u00fccklich widersprochen, es sei denn, der Anbieter dieser Webiste hat zuvor seine ausdr\u00fcckliche schriftliche Einwilligung erteilt.<\/p>\r\n<p>Der Anbieter dieser Webiste beh\u00e4lt sich rechtliche Schritte f\u00fcr jeden Fall der Zurwiderhandlung rechtliche Schritte ausdr\u00fccklich vor, dies gilt in besonderem Ma\u00dfe z. B. den Fall der unverlangten Zusendung von Werbeinformationen, z. B. durch Spam-E-Mails.<\/p>\r\n<\/div>\n","protected":false},"excerpt":{"rendered":"<p>Betreiber dieser Homepage: FEAS. &#8211; DIE R\u00c4UMUNGSPROFISstaatl. gepr. Betriebswirt Stefan Hosang Hauptstra\u00dfe 6558730 Fr\u00f6ndenberg \/ RuhrOffice: +49 (0)2378 127 9957Mobil: +49 (0)176 6959 7835 Finanzamt Dortmund Unna | Steuer-Nr.: 316\/5127\/3651 | USt-IdNr.: DE368096021 Kontakt:hier eine Email senden Inhaber:staatl. gepr. Bw. Stefan Hosang Haftungsausschluss: Haftungsbeschr\u00e4nkung Die Inhalte des Internetauftritts wurden mit gr\u00f6\u00dftm\u00f6glicher Sorgfalt und nach bestem [&hellip;]<\/p>\n","protected":false},"author":1,"featured_media":0,"parent":0,"menu_order":2,"comment_status":"closed","ping_status":"closed","template":"","meta":{"footnotes":""},"class_list":["post-49","page","type-page","status-publish","hentry"],"_links":{"self":[{"href":"https:\/\/www.die-raeumungsprofis.de\/index.php\/wp-json\/wp\/v2\/pages\/49","targetHints":{"allow":["GET"]}}],"collection":[{"href":"https:\/\/www.die-raeumungsprofis.de\/index.php\/wp-json\/wp\/v2\/pages"}],"about":[{"href":"https:\/\/www.die-raeumungsprofis.de\/index.php\/wp-json\/wp\/v2\/types\/page"}],"author":[{"embeddable":true,"href":"https:\/\/www.die-raeumungsprofis.de\/index.php\/wp-json\/wp\/v2\/users\/1"}],"replies":[{"embeddable":true,"href":"https:\/\/www.die-raeumungsprofis.de\/index.php\/wp-json\/wp\/v2\/comments?post=49"}],"version-history":[{"count":44,"href":"https:\/\/www.die-raeumungsprofis.de\/index.php\/wp-json\/wp\/v2\/pages\/49\/revisions"}],"predecessor-version":[{"id":1022,"href":"https:\/\/www.die-raeumungsprofis.de\/index.php\/wp-json\/wp\/v2\/pages\/49\/revisions\/1022"}],"wp:attachment":[{"href":"https:\/\/www.die-raeumungsprofis.de\/index.php\/wp-json\/wp\/v2\/media?parent=49"}],"curies":[{"name":"wp","href":"https:\/\/api.w.org\/{rel}","templated":true}]}}